3 + 3*y**2 + 8*y - 14. Determine q(4).
2
Let s(p) = -3*p - 12. Give s(5).
-27
Let x(m) = -m**2 - 3*m + 4. What is x(-3)?
4
Let p(f) = 2*f + 7. Determine p(-4).
-1
Let v(p) = -18*p + 22. Calculate v(1).
4
Let y(c) = 8*c**2 + 69*c + 44. Give y(-8).
4
Let l(u) = 17*u**3 - 2*u**2. What is l(-1)?
-19
Let c(s) = -8*s - 65. What is c(11)?
-153
Let q(x) = 21*x - 13. Determine q(2).
29
Let o(w) = 3*w**2 - 26*w + 29. Determine o(6).
-19
Let k(j) = -2*j**3 + 11*j**2 + 12*j - 11. Determine k(6).
25
Let r(p) = 7*p - 204. What is r(31)?
13
Let u(i) = 13*i - 76. Give u(5).
-11
Let v(l) = -6*l**2 + l - 4. What is v(1)?
-9
Let d(r) = 5*r - 3. Give d(-3).
-18
Let u(w) = 33*w + 136. What is u(-4)?
4
Let b(v) = v**2 + 7*v + 3. What is b(0)?
3
Let d(o) = o**2 - 10*o + 2. What is d(4)?
-22
Let w(p) = -p**3 + 27*p + 12. Calculate w(-5).
2
Let c(o) = 3*o**2 + 3*o + 3. What is c(-3)?
21
Let r(a) = -a**3 + 8*a**2 + 8*a + 1. Determine r(9).
-8
Let y(u) = u**3 - 8*u**2 + 12*u - 33. Determine y(5).
-48
Let q(x) = -3*x**3 + 36*x**2 - 3*x + 39. Determine q(12).
3
Let i(r) = r**2 - 10*r + 14. What is i(8)?
-2
Let a(x) = 15*x + 36. Determine a(-3).
-9
Let x(w) = 6*w - 10. Calculate x(3).
8
Let p(h) = -13*h - 8. Give p(-3).
31
Let u(j) = -2*j**2 + 5*j + 6. Give u(-4).
-46
Let y(c) = -3*c**2 - 4*c - 3. What is y(-3)?
-18
Let q(u) = -u**2 - 14*u - 36. What is q(-4)?
4
Let o(m) = -3*m**3 - 5*m - 4. Calculate o(-2).
30
Let c(d) = d**3 - d**2 - 5*d + 2. Give c(3).
5
Let q(o) = 12*o**3 + 2*o + 1. Calculate q(-1).
-13
Let y(s) = -s**2 + 9*s + 6. Determine y(11).
-16
Let q(c) = -c**2 - 16*c - 14. Calculate q(-14).
14
Let f(i) = 4*i**2 - 4. Calculate f(2).
12
Let u(l) = 5*l + 6. Give u(-5).
-19
Let u(z) = -9*z**2 - 113*z + 12. Determine u(-13).
-40
Let m(d) = -d**3 + 5*d**2 - 1. Give m(4).
15
Let w(b) = -3*b + 31. What is w(12)?
-5
Let z(a) = -a + 6. Calculate z(7).
-1
Let n(s) = -s**3 + 15*s**2 - 15*s + 22. Give n(14).
8
Let c(u) = -u**3 - 5*u**2 + 36*u - 4. What is c(-9)?
-4
Let k(x) = x**3 + 10*x**2 + 6*x - 34. Determine k(-9).
-7
Let o(t) = -6*t**2 + 5*t - 3. What is o(4)?
-79
Let g(c) = -20*c + 10. Calculate g(4).
-70
Let v(j) = j**3 + 23*j**2 - 25*j - 33. What is v(-24)?
-9
Let u(w) = w**3 + 4*w**2 - 3. Calculate u(-5).
-28
Let u(w) = w**2 + 9*w + 12. What is u(-8)?
4
Let g(h) = -4*h**2 + 62*h + 9. What is g(16)?
-23
Let g(x) = x**2 + 7*x + 3. Give g(-6).
-3
Let c(v) = v**3 - 21*v**2 + 4*v - 45. Calculate c(21).
39
Let t(s) = 15*s - 23. Determine t(2).
7
Let a(n) = 2*n**3 - 45*n**2 + 24*n - 32. Calculate a(22).
12
Let c(o) = -o**3 + 7*o**2 + 5*o - 10. Calculate c(7).
25
Let v(n) = n**3 + 23*n**2 + 5*n + 110. Determine v(-23).
-5
Let h(o) = -36*o**2 - o + 2. Give h(2).
-144
Let g(a) = 8*a + 4. Calculate g(3).
28
Let s(x) = -x - 1. What is s(-7)?
6
Let y(c) = 8*c**3 + 2*c**2 - 1. What is y(1)?
9
Let u(t) = 5*t - 12. Calculate u(11).
43
Let a(z) = -z**2 + 7*z + 30. What is a(10)?
0
Let l(w) = -2*w + 4. Calculate l(-7).
18
Let o(v) = v**2 + 6*v + 8. What is o(-4)?
0
Let d(s) = -s**3 - 9*s**2 + 8. Give d(-8).
-56
Let s(c) = -c**2 - 19*c - 5. Give s(-19).
-5
Let s(n) = -2*n**3 + 3*n**2 - 2*n + 3. Give s(3).
-30
Let m(h) = -h**3 - 11*h**2 + 3*h + 3. What is m(-11)?
-30
Let p(z) = z**3 - 12*z**2 - 16*z + 20. What is p(12)?
-172
Let p(k) = 2*k**3 - 39*k**2 + 19*k + 3. What is p(19)?
3
Let x(s) = -88*s - 2. Give x(1).
-90
Let x(y) = -47*y + 762. Determine x(16).
10
Let b(h) = -h + 2. What is b(-2)?
4
Let i(v) = -v**3 + 7*v**2 - v + 14. Determine i(7).
7
Let n(i) = i**3 - 5*i**2 + 3*i - 3. Determine n(5).
12
Let c(q) = -2*q**2 - 31*q - 9. What is c(-14)?
33
Let l(j) = j + 17. Determine l(-10).
7
Let g(f) = f**2 + 8*f + 7. Give g(-8).
7
Let b(z) = z**2 - 2*z + 11. What is b(5)?
26
Let a(l) = l - 9. Calculate a(7).
-2
Let f(w) = -w**3 - 10*w**2 - 10*w - 14. What is f(-9)?
-5
Let b(w) = w**2 + 2*w - 84. Determine b(-11).
15
Let c(v) = v - 35. What is c(15)?
-20
Let q(n) = 2*n + 1. Calculate q(10).
21
Let g(a) = -a**3 + 8*a**2 - 21*a + 22. Calculate g(5).
-8
Let u(y) = -y**3 + 7*y**2 - 4*y - 2. What is u(2)?
10
Let d(n) = -n**2 + 37*n - 276. Give d(10).
-6
Let x(h) = -3*h - 6. Determine x(-8).
18
Let t(h) = 3*h - 19. Give t(15).
26
Let g(a) = a**2 - 44*a + 91. Calculate g(42).
7
Let w(z) = -z + 1. Determine w(-5).
6
Let v(a) = -a**3 + a**2 + 4*a + 1. Give v(3).
-5
Let m(i) = -i**3 + 10*i**2 - 7*i + 3. Give m(10).
-67
Let z(x) = -16*x + 398. Calculate z(25).
-2
Let t(a) = a + 12. Determine t(-10).
2
Let x(i) = 2*i - 4. Calculate x(3).
2
Let y(k) = k**2 - 9*k + 4. Determine y(7).
-10
Let a(j) = -45*j**3 - j. Give a(-1).
46
Let l(r) = -r**2 - 3*r - 1. What is l(-6)?
-19
Let c(v) = -3*v + 39. Determine c(13).
0
Let u(x) = -11*x + 12. Calculate u(3).
-21
Let f(r) = -2*r**2 + 4*r + 7. Give f(4).
-9
Let y(x) = x**2 + 19*x + 31. Calculate y(-24).
151
Let b(w) = -2*w + 5. Give b(-4).
13
Let g(r) = r**3 - r**2 - 9*r. What is g(-4)?
-44
Let k(q) = -q**3 - 10*q**2 - 2*q + 2. Determine k(-6).
-130
Let r(u) = 7*u - 1. Determine r(-3).
-22
Let b(o) = -2*o**2 - 42*o + 52. What is b(-22)?
8
Let t(r) = -3*r**2 - 22*r + 11. Give t(-7).
18
Let k(r) = -r**3 - 21*r**2 - 16*r + 2. Determine k(-20).
-78
Let t(r) = -r**2 - 4. Calculate t(0).
-4
Let o(k) = k**3 + 25*k**2 + 2*k + 50. Determine o(-25).
0
Let j(a) = -a**3 + 8*a**2 + 5*a - 17. Give j(8).
23
Let p(c) = -8*c + 14. Determine p(4).
-18
Let x(g) = 36*g - 20. Determine x(2).
52
Let z(a) = -a**2 + 5*a - 11. Determine z(4).
-7
Let x(v) = -2*v**3 - v**2 + 3. Determine x(2).
-17
Let w(y) = -14*y - 4. Calculate w(-2).
24
Let n(s) = -2*s + 10. Determine n(-7).
24
Let r(h) = -6*h**3 + h**2 + h + 2. Calculate r(2).
-40
Let i(d) = 3*d**2 - 27*d + 4. Calculate i(9).
4
Let r(z) = z**2 + 8*z + 9. Determine r(-7).
2
Let u(d) = 4*d**3 - 20*d**2 + d - 16. Give u(5).
-11
Let c(n) = 10*n + 2. What is c(-2)?
-18
Let g(o) = -o**3 + 6*o**2 + 6*o + 10. Determine g(7).
3
Let d(s) = 2*s - 9. Give d(-11).
-31
Let k(f) = -f**3 - f**2 + 2*f + 10. Calculate k(0).
10
Let w(z) = -z + 11. What is w(4)?
7
Let h(i) = i**2 - 15*i + 7. Give h(15).
7
Let t(i) = 4*i + 65. What is t(-15)?
5
Let f(t) = -22*t**2 + 4*t + 5. What is f(-2)?
-91
Let w(b) = -3*b**2 - 2*b + 7. Give w(4).
-49
Let b(y) = -4*y**2 - 16*y - 5. Determine b(-4).
-5
Let b(o) = -2*o**2 + 13*o - 7. Calculate b(9).
-52
Let y(z) = z**3 - 10*z**2 - 10*z - 6. Determine y(11).
5
Let n(q) = -q**2 + 14*q - 35. What is n(5)?
10
Let r(y) = -2*y**3 + 54*y**2 + 4*y - 106. Calculate r(27).
2
Let j(o) = -o**2 + 9*o + 4. Calculate j(7).
18
Let c(i) = -i + 10. What is c(-5)?
15
Let c(r) = 2*r**3 + 4*r**2 - 8*r + 14. Calculate c(4).
174
Let u(l) = -7*l**2 - 6*l - 3. Give u(-4).
-91
Let h(i) = 20*i + 67. Calculate h(-12).
-173
Let w(a) = a**2 - 41*a + 123. Determine w(3).
9
Let p(j) = j**3 + 3*j**2 + 3*j + 8. Calculate p(-3).
-1
Let m(v) = 2*v - 59. What is m(36)?
13
Let k(m) = -m - 1. Calculate k(-3).
2
Let f(r) = -16*r - 86. What is f(-9)?
58
Let a(z) = z**2 + 2*z - 3. Determine a(2).
5
Let v(r) = 2*r**3 - r**2 - 1. What is v(1)?
0
Let s(y) = -2*y + 37. Give s(11).
15
Let r(u) = u**3 - 6*u**2 + 6*u - 3. What is r(6)?
33
Let k(m) = -2*m - 15. What is k(5)?
-25
Let j(q) = q**2 - 9*q - 5. Give j(-6).
85
Let f(b) = -3*b**3 - 2*b**2 + 2*b + 1. Give f(-3).
58
Let x(b) = -6*b + 8. Determine x(-8).
56
Let s(t) = -t**2 + 12. Give s(0).
12
Let g(t) = -86*t**3 - t**2 - t - 1. Determine g(-1).
85
Let u(t) = -6*t - 214. Calculate u(-37).
8
Let c(o) = o**3 + 6*o**2 - 7*o - 8. What is c(-7)?
-8
Let v(i) = i**2 - i + 8. What is v(7)?
50
Let y(t) = -t**2 + 3*t + 50. Determine y(-6).
-4
Let c(y) = -y**2 - 6*y + 20. Calculate c(-14).
-92
Let g(w) = w**2 - 5*w - 8. What is g(5)?
-8
Let s(k) = 31*k**2 + 342*k + 6. Give s(-11).
-5
Let o(c) = 2*c**2 + 39*c - 55. What is o(-21)?
8
Let h(v) = -72*v**2 - v. What is h(1)?
-73
Let i(u) = -20*u + 59. Determine i(3).
-1
Let l(a) = 2*a + 38. What is l(11)?
60
Let a(z) = -z**2 + 23*z - 51. Determine a(21).
-9
Let p(y) = -y - 24. Calculate p(7).
-31
Let x(t) = -8*t - 2. Determine x(-18).
142
Let j(o) = o + 31. Give j(-17).
14
Let d(i) = -7*i - 101. Calculate d(-12).
-17
Let h(r) = r**3 + 15*r**2 - 16*r - 11. What is h(-16)?
-11
Let o(c) = c**3 + 6*c**2 - 7*c - 4. Determine o(-7).
-4
Let m(x) = -x**2 - 42*x + 240. Determine m(